{"id":207,"date":"2017-01-27T17:13:17","date_gmt":"2017-01-27T17:13:17","guid":{"rendered":"https:\/\/grupospconsult.com.br\/?page_id=207"},"modified":"2023-11-08T01:57:51","modified_gmt":"2023-11-08T01:57:51","slug":"unidade-sao-paulo","status":"publish","type":"page","link":"https:\/\/grupospconsult.com.br\/?page_id=207","title":{"rendered":"Unidade S\u00e3o Paulo &#8211; SP"},"content":{"rendered":"\t\t<div data-elementor-type=\"wp-page\" data-elementor-id=\"207\" class=\"elementor elementor-207\">\n\t\t\t\t\t\t<section class=\"elementor-section elementor-top-section elementor-element elementor-element-cb70206 elementor-section-boxed elementor-section-height-default elementor-section-height-default\" data-id=\"cb70206\" data-element_type=\"section\" data-e-type=\"section\">\n\t\t\t\t\t\t<div class=\"elementor-container elementor-column-gap-default\">\n\t\t\t\t\t<div class=\"elementor-column elementor-col-100 elementor-top-column elementor-element elementor-element-d25ffad\" data-id=\"d25ffad\" data-element_type=\"column\" data-e-type=\"column\">\n\t\t\t<div class=\"elementor-widget-wrap elementor-element-populated\">\n\t\t\t\t\t\t<div class=\"elementor-element elementor-element-90b6d71 elementor-widget elementor-widget-google_maps\" data-id=\"90b6d71\" data-element_type=\"widget\" data-e-type=\"widget\" data-widget_type=\"google_maps.default\">\n\t\t\t\t<div class=\"elementor-widget-container\">\n\t\t\t\t\t\t\t<div class=\"elementor-custom-embed\">\n\t\t\t<iframe loading=\"lazy\"\n\t\t\t\t\tsrc=\"https:\/\/maps.google.com\/maps?q=R.%20Maj.%20Quedinho%2C%20111%20-%209%C2%BA%20andar%20%E2%80%93%20Conj.%20901%20-%20Centro%20Hist%C3%B3rico%20de%20S%C3%A3o%20Paulo&#038;t=m&#038;z=20&#038;output=embed&#038;iwloc=near\"\n\t\t\t\t\ttitle=\"R. Maj. Quedinho, 111 - 9\u00ba andar \u2013 Conj. 901 - Centro Hist\u00f3rico de S\u00e3o Paulo\"\n\t\t\t\t\taria-label=\"R. Maj. Quedinho, 111 - 9\u00ba andar \u2013 Conj. 901 - Centro Hist\u00f3rico de S\u00e3o Paulo\"\n\t\t\t><\/iframe>\n\t\t<\/div>\n\t\t\t\t\t\t<\/div>\n\t\t\t\t<\/div>\n\t\t\t\t\t<\/div>\n\t\t<\/div>\n\t\t\t\t\t<\/div>\n\t\t<\/section>\n\t\t\t\t<\/div>\n\t\t","protected":false},"excerpt":{"rendered":"","protected":false},"author":1,"featured_media":0,"parent":123,"menu_order":0,"comment_status":"closed","ping_status":"closed","template":"","meta":{"footnotes":""},"class_list":["post-207","page","type-page","status-publish","hentry"],"yoast_head":"<!-- This site is optimized with the Yoast SEO plugin v27.4 - https:\/\/yoast.com\/product\/yoast-seo-wordpress\/ -->\n<title>Unidade S\u00e3o Paulo - SP | SP Consult<\/title>\n<meta name=\"robots\" content=\"index, follow, max-snippet:-1, max-image-preview:large, max-video-preview:-1\" \/>\n<link rel=\"canonical\" href=\"https:\/\/grupospconsult.com.br\/?page_id=207\" \/>\n<meta property=\"og:locale\" content=\"pt_BR\" \/>\n<meta property=\"og:type\" content=\"article\" \/>\n<meta property=\"og:title\" content=\"Unidade S\u00e3o Paulo - SP | SP Consult\" \/>\n<meta property=\"og:url\" content=\"https:\/\/grupospconsult.com.br\/?page_id=207\" \/>\n<meta property=\"og:site_name\" content=\"SP Consult\" \/>\n<meta property=\"article:modified_time\" content=\"2023-11-08T01:57:51+00:00\" \/>\n<meta name=\"twitter:card\" content=\"summary_large_image\" \/>\n<script type=\"application\/ld+json\" class=\"yoast-schema-graph\">{\"@context\":\"https:\\\/\\\/schema.org\",\"@graph\":[{\"@type\":\"WebPage\",\"@id\":\"https:\\\/\\\/grupospconsult.com.br\\\/?page_id=207\",\"url\":\"https:\\\/\\\/grupospconsult.com.br\\\/?page_id=207\",\"name\":\"Unidade S\u00e3o Paulo - SP | SP Consult\",\"isPartOf\":{\"@id\":\"https:\\\/\\\/grupospconsult.com.br\\\/#website\"},\"datePublished\":\"2017-01-27T17:13:17+00:00\",\"dateModified\":\"2023-11-08T01:57:51+00:00\",\"breadcrumb\":{\"@id\":\"https:\\\/\\\/grupospconsult.com.br\\\/?page_id=207#breadcrumb\"},\"inLanguage\":\"pt-BR\",\"potentialAction\":[{\"@type\":\"ReadAction\",\"target\":[\"https:\\\/\\\/grupospconsult.com.br\\\/?page_id=207\"]}]},{\"@type\":\"BreadcrumbList\",\"@id\":\"https:\\\/\\\/grupospconsult.com.br\\\/?page_id=207#breadcrumb\",\"itemListElement\":[{\"@type\":\"ListItem\",\"position\":1,\"name\":\"In\u00edcio\",\"item\":\"https:\\\/\\\/grupospconsult.com.br\\\/\"},{\"@type\":\"ListItem\",\"position\":2,\"name\":\"Fale Conosco\",\"item\":\"https:\\\/\\\/grupospconsult.com.br\\\/?page_id=21\"},{\"@type\":\"ListItem\",\"position\":3,\"name\":\"Unidades\",\"item\":\"https:\\\/\\\/grupospconsult.com.br\\\/?page_id=123\"},{\"@type\":\"ListItem\",\"position\":4,\"name\":\"Unidade S\u00e3o Paulo &#8211; SP\"}]},{\"@type\":\"WebSite\",\"@id\":\"https:\\\/\\\/grupospconsult.com.br\\\/#website\",\"url\":\"https:\\\/\\\/grupospconsult.com.br\\\/\",\"name\":\"SP Consult\",\"description\":\"Legaliza\u00e7\u00e3o imobili\u00e1ria\",\"potentialAction\":[{\"@type\":\"SearchAction\",\"target\":{\"@type\":\"EntryPoint\",\"urlTemplate\":\"https:\\\/\\\/grupospconsult.com.br\\\/?s={search_term_string}\"},\"query-input\":{\"@type\":\"PropertyValueSpecification\",\"valueRequired\":true,\"valueName\":\"search_term_string\"}}],\"inLanguage\":\"pt-BR\"}]}<\/script>\n<!-- \/ Yoast SEO plugin. -->","yoast_head_json":{"title":"Unidade S\u00e3o Paulo - SP | SP Consult","robots":{"index":"index","follow":"follow","max-snippet":"max-snippet:-1","max-image-preview":"max-image-preview:large","max-video-preview":"max-video-preview:-1"},"canonical":"https:\/\/grupospconsult.com.br\/?page_id=207","og_locale":"pt_BR","og_type":"article","og_title":"Unidade S\u00e3o Paulo - SP | SP Consult","og_url":"https:\/\/grupospconsult.com.br\/?page_id=207","og_site_name":"SP Consult","article_modified_time":"2023-11-08T01:57:51+00:00","twitter_card":"summary_large_image","schema":{"@context":"https:\/\/schema.org","@graph":[{"@type":"WebPage","@id":"https:\/\/grupospconsult.com.br\/?page_id=207","url":"https:\/\/grupospconsult.com.br\/?page_id=207","name":"Unidade S\u00e3o Paulo - SP | SP Consult","isPartOf":{"@id":"https:\/\/grupospconsult.com.br\/#website"},"datePublished":"2017-01-27T17:13:17+00:00","dateModified":"2023-11-08T01:57:51+00:00","breadcrumb":{"@id":"https:\/\/grupospconsult.com.br\/?page_id=207#breadcrumb"},"inLanguage":"pt-BR","potentialAction":[{"@type":"ReadAction","target":["https:\/\/grupospconsult.com.br\/?page_id=207"]}]},{"@type":"BreadcrumbList","@id":"https:\/\/grupospconsult.com.br\/?page_id=207#breadcrumb","itemListElement":[{"@type":"ListItem","position":1,"name":"In\u00edcio","item":"https:\/\/grupospconsult.com.br\/"},{"@type":"ListItem","position":2,"name":"Fale Conosco","item":"https:\/\/grupospconsult.com.br\/?page_id=21"},{"@type":"ListItem","position":3,"name":"Unidades","item":"https:\/\/grupospconsult.com.br\/?page_id=123"},{"@type":"ListItem","position":4,"name":"Unidade S\u00e3o Paulo &#8211; SP"}]},{"@type":"WebSite","@id":"https:\/\/grupospconsult.com.br\/#website","url":"https:\/\/grupospconsult.com.br\/","name":"SP Consult","description":"Legaliza\u00e7\u00e3o imobili\u00e1ria","potentialAction":[{"@type":"SearchAction","target":{"@type":"EntryPoint","urlTemplate":"https:\/\/grupospconsult.com.br\/?s={search_term_string}"},"query-input":{"@type":"PropertyValueSpecification","valueRequired":true,"valueName":"search_term_string"}}],"inLanguage":"pt-BR"}]}},"_links":{"self":[{"href":"https:\/\/grupospconsult.com.br\/index.php?rest_route=\/wp\/v2\/pages\/207","targetHints":{"allow":["GET"]}}],"collection":[{"href":"https:\/\/grupospconsult.com.br\/index.php?rest_route=\/wp\/v2\/pages"}],"about":[{"href":"https:\/\/grupospconsult.com.br\/index.php?rest_route=\/wp\/v2\/types\/page"}],"author":[{"embeddable":true,"href":"https:\/\/grupospconsult.com.br\/index.php?rest_route=\/wp\/v2\/users\/1"}],"replies":[{"embeddable":true,"href":"https:\/\/grupospconsult.com.br\/index.php?rest_route=%2Fwp%2Fv2%2Fcomments&post=207"}],"version-history":[{"count":9,"href":"https:\/\/grupospconsult.com.br\/index.php?rest_route=\/wp\/v2\/pages\/207\/revisions"}],"predecessor-version":[{"id":7367,"href":"https:\/\/grupospconsult.com.br\/index.php?rest_route=\/wp\/v2\/pages\/207\/revisions\/7367"}],"up":[{"embeddable":true,"href":"https:\/\/grupospconsult.com.br\/index.php?rest_route=\/wp\/v2\/pages\/123"}],"wp:attachment":[{"href":"https:\/\/grupospconsult.com.br\/index.php?rest_route=%2Fwp%2Fv2%2Fmedia&parent=207"}],"curies":[{"name":"wp","href":"https:\/\/api.w.org\/{rel}","templated":true}]}}